{"id":2972,"date":"2024-08-02T19:36:57","date_gmt":"2024-08-02T19:36:57","guid":{"rendered":"https:\/\/www.ceide.unam.mx\/?page_id=2972"},"modified":"2024-08-08T16:37:36","modified_gmt":"2024-08-08T16:37:36","slug":"informe-licenciatura-2019","status":"publish","type":"page","link":"https:\/\/www.ceide.unam.mx\/index.php\/informe-licenciatura-2019\/","title":{"rendered":"informe licenciatura 2019"},"content":{"rendered":"<div class=\"wpb-content-wrapper\"><p>[vc_row equal_height=&#8221;yes&#8221; content_placement=&#8221;middle&#8221; css=&#8221;.vc_custom_1720486055413{margin-top: 5% !important;margin-bottom: 3% !important;}&#8221;][vc_column][vc_column_text css=&#8221;.vc_custom_1722625945476{margin-bottom: 0px !important;}&#8221;]<\/p>\n<h1>Evaluaci\u00f3n diagn\u00f3stica de licenciatura<\/h1>\n<p>[\/vc_column_text][vc_column_text css=&#8221;&#8221;]<\/p>\n<h3><span style=\"color: #fb5c2a;\">2019<\/span><\/h3>\n<p>[\/vc_column_text][\/vc_column][\/vc_row][vc_row][vc_column width=&#8221;1\/6&#8243;][\/vc_column][vc_column width=&#8221;2\/3&#8243;][vc_column_text css=&#8221;.vc_custom_1722361739351{margin-bottom: 10px !important;}&#8221;]<\/p>\n<h5>T\u00cdTULO<\/h5>\n<p>[\/vc_column_text][vc_column_text css=&#8221;.vc_custom_1722630974622{margin-bottom: 5px !important;}&#8221;]<\/p>\n<h1><span style=\"color: #000;\">Evaluaci\u00f3n diagn\u00f3stica de conocimientos<\/span><\/h1>\n<h3>Resultados de los alumnos<br \/>\nque ingresan a nivel licenciatura de la UNAM<\/h3>\n<p>[\/vc_column_text][vc_column_text css=&#8221;&#8221;]<\/p>\n<h6>2019<\/h6>\n<p>[\/vc_column_text][vc_column_text css=&#8221;.vc_custom_1722199890227{margin-bottom: 10px !important;}&#8221;]<\/p>\n<h5>AUTORES<\/h5>\n<p>[\/vc_column_text][vc_column_text css=&#8221;.vc_custom_1722534052399{margin-bottom: 10px !important;}&#8221;]<\/p>\n<h6>Dr. Melchor S\u00e1nchez Mendiola, Dr. Adri\u00e1n Mart\u00ednez Gonz\u00e1lez, Enrique Ricardo Buzo Casanova, Elibid\u00fa Ortega S\u00e1nchez, Mar\u00eda Dolores Hern\u00e1ndez Flores, Manuel Garc\u00eda Minjares, Abigail Patricia Manzano Pati\u00f1o<\/h6>\n<p>[\/vc_column_text][vc_column_text css=&#8221;.vc_custom_1722200030604{margin-bottom: 10px !important;}&#8221;]<\/p>\n<h5>PALABRAS CLAVE<\/h5>\n<p>[\/vc_column_text][vc_column_text css=&#8221;&#8221;]Evaluaci\u00f3n diagn\u00f3stica de conocimientos, examen diagn\u00f3stico, Resultados de los alumnos que ingresan a nivel licenciatura de la UNAM 2019[\/vc_column_text][vc_column_text css=&#8221;.vc_custom_1722200062820{margin-bottom: 10px !important;}&#8221;]<\/p>\n<h5>RESUMEN<\/h5>\n<p>[\/vc_column_text][vc_column_text css=&#8221;&#8221;]Ex\u00e1menes para el diagn\u00f3stico de conocimientos de los alumnos que ingresan a nivel licenciatura 2019[\/vc_column_text][vc_row_inner equal_height=&#8221;yes&#8221; content_placement=&#8221;middle&#8221; css=&#8221;.vc_custom_1722198069035{margin-bottom: 5% !important;}&#8221;][vc_column_inner width=&#8221;1\/3&#8243;][\/vc_column_inner][vc_column_inner width=&#8221;1\/3&#8243;][vc_btn title=&#8221;Volver&#8221; style=&#8221;custom&#8221; custom_background=&#8221;#fb5c2a&#8221; custom_text=&#8221;#ffffff&#8221; shape=&#8221;round&#8221; size=&#8221;xs&#8221; align=&#8221;center&#8221; css_animation=&#8221;bounceInLeft&#8221; css=&#8221;&#8221; button_block=&#8221;true&#8221; link=&#8221;url:https%3A%2F%2Fwww.ceide.unam.mx%2Findex.php%2Finformes%2F|title:libros&#8221;][\/vc_column_inner][vc_column_inner width=&#8221;1\/3&#8243;][vc_btn title=&#8221;Descarga \u2193&#8221; style=&#8221;custom&#8221; custom_background=&#8221;rgba(5,5,5,0.92)&#8221; custom_text=&#8221;#ffffff&#8221; shape=&#8221;round&#8221; size=&#8221;xs&#8221; align=&#8221;center&#8221; css_animation=&#8221;bounceInLeft&#8221; css=&#8221;&#8221; button_block=&#8221;true&#8221; link=&#8221;url:https%3A%2F%2Fwww.ceide.unam.mx%2F%3Fsdm_process_download%3D1%26download_id%3D4189|title:Publicacion-licenciatura-generacion-2019-VF.pdf|target:_blank&#8221;][\/vc_column_inner][\/vc_row_inner][\/vc_column][vc_column width=&#8221;1\/6&#8243;][\/vc_column][\/vc_row]<\/p>\n<\/div>","protected":false},"excerpt":{"rendered":"<p>[vc_row equal_height=&#8221;yes&#8221; content_placement=&#8221;middle&#8221; css=&#8221;.vc_custom_1720486055413{margin-top: 5% !important;margin-bottom: 3% !important;}&#8221;][vc_column][vc_column_text css=&#8221;.vc_custom_1722625945476{margin-bottom: 0px !important;}&#8221;] Evaluaci\u00f3n diagn\u00f3stica de licenciatura [\/vc_column_text][vc_column_text css=&#8221;&#8221;] 2019 [\/vc_column_text][\/vc_column][\/vc_row][vc_row][vc_column width=&#8221;1\/6&#8243;][\/vc_column][vc_column width=&#8221;2\/3&#8243;][vc_column_text css=&#8221;.vc_custom_1722361739351{margin-bottom: 10px !important;}&#8221;] T\u00cdTULO [\/vc_column_text][vc_column_text css=&#8221;.vc_custom_1722630974622{margin-bottom: 5px !important;}&#8221;] Evaluaci\u00f3n diagn\u00f3stica de conocimientos Resultados de los alumnos que ingresan a nivel licenciatura de la UNAM [\/vc_column_text][vc_column_text css=&#8221;&#8221;] 2019 [\/vc_column_text][vc_column_text css=&#8221;.vc_custom_1722199890227{margin-bottom: 10px !important;}&#8221;] AUTORES [\/vc_column_text][vc_column_text css=&#8221;.vc_custom_1722534052399{margin-bottom: &#8230; <a title=\"informe licenciatura 2019\" class=\"read-more\" href=\"https:\/\/www.ceide.unam.mx\/index.php\/informe-licenciatura-2019\/\" aria-label=\"Leer m\u00e1s sobre informe licenciatura 2019\">Leer m\u00e1s<\/a><\/p>\n","protected":false},"author":1,"featured_media":0,"parent":0,"menu_order":0,"comment_status":"closed","ping_status":"closed","template":"","meta":{"footnotes":""},"class_list":["post-2972","page","type-page","status-publish"],"yoast_head":"<!-- This site is optimized with the Yoast SEO plugin v27.3 - https:\/\/yoast.com\/product\/yoast-seo-wordpress\/ -->\n<title>informe licenciatura 2019 - COORDINACI\u00d3N DE EVALUACI\u00d3N, INNOVACI\u00d3N Y DESARROLLO EDUCATIVOS<\/title>\n<meta name=\"robots\" content=\"index, follow, max-snippet:-1, max-image-preview:large, max-video-preview:-1\" \/>\n<link rel=\"canonical\" href=\"https:\/\/www.ceide.unam.mx\/index.php\/informe-licenciatura-2019\/\" \/>\n<meta property=\"og:locale\" content=\"es_MX\" \/>\n<meta property=\"og:type\" content=\"article\" \/>\n<meta property=\"og:title\" content=\"informe licenciatura 2019 - COORDINACI\u00d3N DE EVALUACI\u00d3N, INNOVACI\u00d3N Y DESARROLLO EDUCATIVOS\" \/>\n<meta property=\"og:description\" content=\"[vc_row equal_height=&#8221;yes&#8221; content_placement=&#8221;middle&#8221; css=&#8221;.vc_custom_1720486055413{margin-top: 5% !important;margin-bottom: 3% !important;}&#8221;][vc_column][vc_column_text css=&#8221;.vc_custom_1722625945476{margin-bottom: 0px !important;}&#8221;] Evaluaci\u00f3n diagn\u00f3stica de licenciatura [\/vc_column_text][vc_column_text css=&#8221;&#8221;] 2019 [\/vc_column_text][\/vc_column][\/vc_row][vc_row][vc_column width=&#8221;1\/6&#8243;][\/vc_column][vc_column width=&#8221;2\/3&#8243;][vc_column_text css=&#8221;.vc_custom_1722361739351{margin-bottom: 10px !important;}&#8221;] T\u00cdTULO [\/vc_column_text][vc_column_text css=&#8221;.vc_custom_1722630974622{margin-bottom: 5px !important;}&#8221;] Evaluaci\u00f3n diagn\u00f3stica de conocimientos Resultados de los alumnos que ingresan a nivel licenciatura de la UNAM [\/vc_column_text][vc_column_text css=&#8221;&#8221;] 2019 [\/vc_column_text][vc_column_text css=&#8221;.vc_custom_1722199890227{margin-bottom: 10px !important;}&#8221;] AUTORES [\/vc_column_text][vc_column_text css=&#8221;.vc_custom_1722534052399{margin-bottom: ... Leer m\u00e1s\" \/>\n<meta property=\"og:url\" content=\"https:\/\/www.ceide.unam.mx\/index.php\/informe-licenciatura-2019\/\" \/>\n<meta property=\"og:site_name\" content=\"COORDINACI\u00d3N DE EVALUACI\u00d3N, INNOVACI\u00d3N Y DESARROLLO EDUCATIVOS\" \/>\n<meta property=\"article:publisher\" content=\"https:\/\/www.facebook.com\/CEIDEUNAM\/\" \/>\n<meta property=\"article:modified_time\" content=\"2024-08-08T16:37:36+00:00\" \/>\n<meta property=\"og:image\" content=\"https:\/\/www.ceide.unam.mx\/wp-content\/uploads\/2024\/07\/Recurso-1.png\" \/>\n\t<meta property=\"og:image:width\" content=\"351\" \/>\n\t<meta property=\"og:image:height\" content=\"203\" \/>\n\t<meta property=\"og:image:type\" content=\"image\/png\" \/>\n<meta name=\"twitter:card\" content=\"summary_large_image\" \/>\n<meta name=\"twitter:site\" content=\"@CEIDE_UNAM\" \/>\n<meta name=\"twitter:label1\" content=\"Tiempo de lectura\" \/>\n\t<meta name=\"twitter:data1\" content=\"2 minutos\" \/>\n<script type=\"application\/ld+json\" class=\"yoast-schema-graph\">{\"@context\":\"https:\\\/\\\/schema.org\",\"@graph\":[{\"@type\":\"WebPage\",\"@id\":\"https:\\\/\\\/www.ceide.unam.mx\\\/index.php\\\/informe-licenciatura-2019\\\/\",\"url\":\"https:\\\/\\\/www.ceide.unam.mx\\\/index.php\\\/informe-licenciatura-2019\\\/\",\"name\":\"informe licenciatura 2019 - COORDINACI\u00d3N DE EVALUACI\u00d3N, INNOVACI\u00d3N Y DESARROLLO EDUCATIVOS\",\"isPartOf\":{\"@id\":\"https:\\\/\\\/www.ceide.unam.mx\\\/#website\"},\"datePublished\":\"2024-08-02T19:36:57+00:00\",\"dateModified\":\"2024-08-08T16:37:36+00:00\",\"breadcrumb\":{\"@id\":\"https:\\\/\\\/www.ceide.unam.mx\\\/index.php\\\/informe-licenciatura-2019\\\/#breadcrumb\"},\"inLanguage\":\"es\",\"potentialAction\":[{\"@type\":\"ReadAction\",\"target\":[\"https:\\\/\\\/www.ceide.unam.mx\\\/index.php\\\/informe-licenciatura-2019\\\/\"]}]},{\"@type\":\"BreadcrumbList\",\"@id\":\"https:\\\/\\\/www.ceide.unam.mx\\\/index.php\\\/informe-licenciatura-2019\\\/#breadcrumb\",\"itemListElement\":[{\"@type\":\"ListItem\",\"position\":1,\"name\":\"Inicio\",\"item\":\"https:\\\/\\\/www.ceide.unam.mx\\\/\"},{\"@type\":\"ListItem\",\"position\":2,\"name\":\"informe licenciatura 2019\"}]},{\"@type\":\"WebSite\",\"@id\":\"https:\\\/\\\/www.ceide.unam.mx\\\/#website\",\"url\":\"https:\\\/\\\/www.ceide.unam.mx\\\/\",\"name\":\"COORDINACION DE EVALUACION, INNOVACION Y DESARROLLO EDUCATIVOS\",\"description\":\"CEIDE\",\"publisher\":{\"@id\":\"https:\\\/\\\/www.ceide.unam.mx\\\/#organization\"},\"alternateName\":\"CEIDE - UNAM\",\"potentialAction\":[{\"@type\":\"SearchAction\",\"target\":{\"@type\":\"EntryPoint\",\"urlTemplate\":\"https:\\\/\\\/www.ceide.unam.mx\\\/?s={search_term_string}\"},\"query-input\":{\"@type\":\"PropertyValueSpecification\",\"valueRequired\":true,\"valueName\":\"search_term_string\"}}],\"inLanguage\":\"es\"},{\"@type\":\"Organization\",\"@id\":\"https:\\\/\\\/www.ceide.unam.mx\\\/#organization\",\"name\":\"COORDINACION DE EVALUACION, INNOVACION Y DESARROLLO EDUCATIVOS\",\"alternateName\":\"CEIDE - UNAM\",\"url\":\"https:\\\/\\\/www.ceide.unam.mx\\\/\",\"logo\":{\"@type\":\"ImageObject\",\"inLanguage\":\"es\",\"@id\":\"https:\\\/\\\/www.ceide.unam.mx\\\/#\\\/schema\\\/logo\\\/image\\\/\",\"url\":\"https:\\\/\\\/www.ceide.unam.mx\\\/wp-content\\\/uploads\\\/2024\\\/07\\\/Recurso-1.png\",\"contentUrl\":\"https:\\\/\\\/www.ceide.unam.mx\\\/wp-content\\\/uploads\\\/2024\\\/07\\\/Recurso-1.png\",\"width\":351,\"height\":203,\"caption\":\"COORDINACION DE EVALUACION, INNOVACION Y DESARROLLO EDUCATIVOS\"},\"image\":{\"@id\":\"https:\\\/\\\/www.ceide.unam.mx\\\/#\\\/schema\\\/logo\\\/image\\\/\"},\"sameAs\":[\"https:\\\/\\\/www.facebook.com\\\/CEIDEUNAM\\\/\",\"https:\\\/\\\/x.com\\\/CEIDE_UNAM\",\"https:\\\/\\\/www.instagram.com\\\/ceide_unam\\\/\",\"https:\\\/\\\/www.youtube.com\\\/@CEIDEUNAM\"]}]}<\/script>\n<!-- \/ Yoast SEO plugin. -->","yoast_head_json":{"title":"informe licenciatura 2019 - COORDINACI\u00d3N DE EVALUACI\u00d3N, INNOVACI\u00d3N Y DESARROLLO EDUCATIVOS","robots":{"index":"index","follow":"follow","max-snippet":"max-snippet:-1","max-image-preview":"max-image-preview:large","max-video-preview":"max-video-preview:-1"},"canonical":"https:\/\/www.ceide.unam.mx\/index.php\/informe-licenciatura-2019\/","og_locale":"es_MX","og_type":"article","og_title":"informe licenciatura 2019 - COORDINACI\u00d3N DE EVALUACI\u00d3N, INNOVACI\u00d3N Y DESARROLLO EDUCATIVOS","og_description":"[vc_row equal_height=&#8221;yes&#8221; content_placement=&#8221;middle&#8221; css=&#8221;.vc_custom_1720486055413{margin-top: 5% !important;margin-bottom: 3% !important;}&#8221;][vc_column][vc_column_text css=&#8221;.vc_custom_1722625945476{margin-bottom: 0px !important;}&#8221;] Evaluaci\u00f3n diagn\u00f3stica de licenciatura [\/vc_column_text][vc_column_text css=&#8221;&#8221;] 2019 [\/vc_column_text][\/vc_column][\/vc_row][vc_row][vc_column width=&#8221;1\/6&#8243;][\/vc_column][vc_column width=&#8221;2\/3&#8243;][vc_column_text css=&#8221;.vc_custom_1722361739351{margin-bottom: 10px !important;}&#8221;] T\u00cdTULO [\/vc_column_text][vc_column_text css=&#8221;.vc_custom_1722630974622{margin-bottom: 5px !important;}&#8221;] Evaluaci\u00f3n diagn\u00f3stica de conocimientos Resultados de los alumnos que ingresan a nivel licenciatura de la UNAM [\/vc_column_text][vc_column_text css=&#8221;&#8221;] 2019 [\/vc_column_text][vc_column_text css=&#8221;.vc_custom_1722199890227{margin-bottom: 10px !important;}&#8221;] AUTORES [\/vc_column_text][vc_column_text css=&#8221;.vc_custom_1722534052399{margin-bottom: ... Leer m\u00e1s","og_url":"https:\/\/www.ceide.unam.mx\/index.php\/informe-licenciatura-2019\/","og_site_name":"COORDINACI\u00d3N DE EVALUACI\u00d3N, INNOVACI\u00d3N Y DESARROLLO EDUCATIVOS","article_publisher":"https:\/\/www.facebook.com\/CEIDEUNAM\/","article_modified_time":"2024-08-08T16:37:36+00:00","og_image":[{"width":351,"height":203,"url":"https:\/\/www.ceide.unam.mx\/wp-content\/uploads\/2024\/07\/Recurso-1.png","type":"image\/png"}],"twitter_card":"summary_large_image","twitter_site":"@CEIDE_UNAM","twitter_misc":{"Tiempo de lectura":"2 minutos"},"schema":{"@context":"https:\/\/schema.org","@graph":[{"@type":"WebPage","@id":"https:\/\/www.ceide.unam.mx\/index.php\/informe-licenciatura-2019\/","url":"https:\/\/www.ceide.unam.mx\/index.php\/informe-licenciatura-2019\/","name":"informe licenciatura 2019 - COORDINACI\u00d3N DE EVALUACI\u00d3N, INNOVACI\u00d3N Y DESARROLLO EDUCATIVOS","isPartOf":{"@id":"https:\/\/www.ceide.unam.mx\/#website"},"datePublished":"2024-08-02T19:36:57+00:00","dateModified":"2024-08-08T16:37:36+00:00","breadcrumb":{"@id":"https:\/\/www.ceide.unam.mx\/index.php\/informe-licenciatura-2019\/#breadcrumb"},"inLanguage":"es","potentialAction":[{"@type":"ReadAction","target":["https:\/\/www.ceide.unam.mx\/index.php\/informe-licenciatura-2019\/"]}]},{"@type":"BreadcrumbList","@id":"https:\/\/www.ceide.unam.mx\/index.php\/informe-licenciatura-2019\/#breadcrumb","itemListElement":[{"@type":"ListItem","position":1,"name":"Inicio","item":"https:\/\/www.ceide.unam.mx\/"},{"@type":"ListItem","position":2,"name":"informe licenciatura 2019"}]},{"@type":"WebSite","@id":"https:\/\/www.ceide.unam.mx\/#website","url":"https:\/\/www.ceide.unam.mx\/","name":"COORDINACION DE EVALUACION, INNOVACION Y DESARROLLO EDUCATIVOS","description":"CEIDE","publisher":{"@id":"https:\/\/www.ceide.unam.mx\/#organization"},"alternateName":"CEIDE - UNAM","potentialAction":[{"@type":"SearchAction","target":{"@type":"EntryPoint","urlTemplate":"https:\/\/www.ceide.unam.mx\/?s={search_term_string}"},"query-input":{"@type":"PropertyValueSpecification","valueRequired":true,"valueName":"search_term_string"}}],"inLanguage":"es"},{"@type":"Organization","@id":"https:\/\/www.ceide.unam.mx\/#organization","name":"COORDINACION DE EVALUACION, INNOVACION Y DESARROLLO EDUCATIVOS","alternateName":"CEIDE - UNAM","url":"https:\/\/www.ceide.unam.mx\/","logo":{"@type":"ImageObject","inLanguage":"es","@id":"https:\/\/www.ceide.unam.mx\/#\/schema\/logo\/image\/","url":"https:\/\/www.ceide.unam.mx\/wp-content\/uploads\/2024\/07\/Recurso-1.png","contentUrl":"https:\/\/www.ceide.unam.mx\/wp-content\/uploads\/2024\/07\/Recurso-1.png","width":351,"height":203,"caption":"COORDINACION DE EVALUACION, INNOVACION Y DESARROLLO EDUCATIVOS"},"image":{"@id":"https:\/\/www.ceide.unam.mx\/#\/schema\/logo\/image\/"},"sameAs":["https:\/\/www.facebook.com\/CEIDEUNAM\/","https:\/\/x.com\/CEIDE_UNAM","https:\/\/www.instagram.com\/ceide_unam\/","https:\/\/www.youtube.com\/@CEIDEUNAM"]}]}},"_links":{"self":[{"href":"https:\/\/www.ceide.unam.mx\/index.php\/wp-json\/wp\/v2\/pages\/2972","targetHints":{"allow":["GET"]}}],"collection":[{"href":"https:\/\/www.ceide.unam.mx\/index.php\/wp-json\/wp\/v2\/pages"}],"about":[{"href":"https:\/\/www.ceide.unam.mx\/index.php\/wp-json\/wp\/v2\/types\/page"}],"author":[{"embeddable":true,"href":"https:\/\/www.ceide.unam.mx\/index.php\/wp-json\/wp\/v2\/users\/1"}],"replies":[{"embeddable":true,"href":"https:\/\/www.ceide.unam.mx\/index.php\/wp-json\/wp\/v2\/comments?post=2972"}],"version-history":[{"count":6,"href":"https:\/\/www.ceide.unam.mx\/index.php\/wp-json\/wp\/v2\/pages\/2972\/revisions"}],"predecessor-version":[{"id":4190,"href":"https:\/\/www.ceide.unam.mx\/index.php\/wp-json\/wp\/v2\/pages\/2972\/revisions\/4190"}],"wp:attachment":[{"href":"https:\/\/www.ceide.unam.mx\/index.php\/wp-json\/wp\/v2\/media?parent=2972"}],"curies":[{"name":"wp","href":"https:\/\/api.w.org\/{rel}","templated":true}]}}