{"id":292,"date":"2025-08-29T01:00:43","date_gmt":"2025-08-29T01:00:43","guid":{"rendered":"https:\/\/www.ceide.unam.mx\/cinig\/?page_id=292"},"modified":"2025-09-11T18:25:56","modified_gmt":"2025-09-11T18:25:56","slug":"formacion","status":"publish","type":"page","link":"https:\/\/www.ceide.unam.mx\/cinig\/index.php\/formacion\/","title":{"rendered":"FORMACI\u00d3N"},"content":{"rendered":"<div class=\"wpb-content-wrapper\"><p>[vc_row full_width=&#8221;stretch_row&#8221; content_placement=&#8221;middle&#8221; css=&#8221;.vc_custom_1731522973011{margin-top: 0px !important;border-top-width: 0px !important;padding-top: 0px !important;background-color: #8A5DE2 !important;}&#8221;][vc_column width=&#8221;2\/3&#8243;][vc_column_text css=&#8221;.vc_custom_1756429348504{margin-top: 0px !important;margin-bottom: 0px !important;padding-bottom: 1% !important;}&#8221;]<\/p>\n<h2><span style=\"color: #ffc73b;\">FORMACI\u00d3N<\/span><\/h2>\n<p>[\/vc_column_text][vc_column_text css=&#8221;.vc_custom_1756773229876{padding-top: 2% !important;padding-right: 2% !important;padding-left: 2% !important;}&#8221;]<span style=\"color: #ffffff;\">Consulta las actividades disponibles para la formaci\u00f3n en torno a la Igualdad de G\u00e9nero.<\/span>[\/vc_column_text][vc_btn title=&#8221;VISITA CIGU&#8221; color=&#8221;black&#8221; size=&#8221;sm&#8221; css_animation=&#8221;bottom-to-top&#8221; css=&#8221;.vc_custom_1756773175229{margin-top: 0px !important;border-top-width: 0px !important;padding-top: 0px !important;}&#8221; link=&#8221;url:https%3A%2F%2Fcoordinaciongenero.unam.mx%2Fcursos-igualdad%2F|title:CURSOS%20CIGU|target:_blank&#8221;][\/vc_column][vc_column width=&#8221;1\/3&#8243;][vc_single_image image=&#8221;55&#8243; alignment=&#8221;center&#8221; css=&#8221;&#8221;][\/vc_column][\/vc_row][vc_row css=&#8221;.vc_custom_1756429476034{padding-top: 5% !important;padding-bottom: 5% !important;}&#8221;][vc_column width=&#8221;1\/4&#8243;][vc_hoverbox image=&#8221;401&#8243; primary_title=&#8221;&#8221; hover_title=&#8221;&#8221; hover_title_font_container=&#8221;font_size:20PX&#8221; hover_title_use_theme_fonts=&#8221;yes&#8221; use_custom_fonts_hover_title=&#8221;true&#8221;]&nbsp;<\/p>\n<p style=\"text-align: center;\">Viernes 3, 10, 17, 24 y 31 de octubre de 2025.<\/p>\n<p>&nbsp;<\/p>\n<p>&nbsp;<\/p>\n<p>&nbsp;<\/p>\n<p>&nbsp;[\/vc_hoverbox][\/vc_column][vc_column width=&#8221;1\/4&#8243;][vc_hoverbox image=&#8221;400&#8243; primary_title=&#8221;&#8221; hover_title=&#8221;&#8221; hover_title_font_container=&#8221;font_size:20PX&#8221; hover_title_use_theme_fonts=&#8221;yes&#8221; use_custom_fonts_hover_title=&#8221;true&#8221;]<\/p>\n<p style=\"text-align: center;\">Lunes 6, 13 y 20 y Jueves 9, 16 y 23 de octubre de 2025<\/p>\n<p>&nbsp;[\/vc_hoverbox][\/vc_column][vc_column width=&#8221;1\/4&#8243;][\/vc_column][vc_column width=&#8221;1\/4&#8243;][\/vc_column][\/vc_row][vc_row full_width=&#8221;stretch_row&#8221; content_placement=&#8221;middle&#8221; css=&#8221;.vc_custom_1731522996371{margin-bottom: 0px !important;border-bottom-width: 0px !important;padding-bottom: 0px !important;background-color: #0C0C0C !important;}&#8221;][vc_column][vc_column_text css=&#8221;.vc_custom_1731517147407{margin-top: 0px !important;margin-bottom: 20px !important;padding-bottom: 0% !important;}&#8221;]<\/p>\n<h4 style=\"text-align: center;\"><span style=\"color: #ffc73b;\">CONTACTO<\/span><\/h4>\n<p>[\/vc_column_text][vc_column_text css=&#8221;.vc_custom_1731176972698{padding-top: 0px !important;padding-right: 2% !important;padding-bottom: 2% !important;padding-left: 2% !important;}&#8221;]<\/p>\n<p style=\"text-align: center;\"><span style=\"color: #ffffff;\">Toda informaci\u00f3n o propuesta ser\u00e1 recibida a trav\u00e9s del siguiente correo electr\u00f3nico: <span style=\"color: #ffc73b;\">cinig@ceide.unam.mx<\/span><\/span><\/p>\n<p>[\/vc_column_text][\/vc_column][\/vc_row]<\/p>\n<\/div>","protected":false},"excerpt":{"rendered":"<p>[vc_row full_width=&#8221;stretch_row&#8221; content_placement=&#8221;middle&#8221; css=&#8221;.vc_custom_1731522973011{margin-top: 0px !important;border-top-width: 0px !important;padding-top: 0px !important;background-color: #8A5DE2 !important;}&#8221;][vc_column width=&#8221;2\/3&#8243;][vc_column_text css=&#8221;.vc_custom_1756429348504{margin-top: 0px !important;margin-bottom: 0px !important;padding-bottom: 1% !important;}&#8221;] FORMACI\u00d3N [\/vc_column_text][vc_column_text css=&#8221;.vc_custom_1756773229876{padding-top: 2% !important;padding-right: 2% !important;padding-left: 2% !important;}&#8221;]Consulta las actividades disponibles para la formaci\u00f3n en torno a la Igualdad de G\u00e9nero.[\/vc_column_text][vc_btn title=&#8221;VISITA CIGU&#8221; color=&#8221;black&#8221; size=&#8221;sm&#8221; css_animation=&#8221;bottom-to-top&#8221; css=&#8221;.vc_custom_1756773175229{margin-top: 0px !important;border-top-width: 0px !important;padding-top: 0px !important;}&#8221; link=&#8221;url:https%3A%2F%2Fcoordinaciongenero.unam.mx%2Fcursos-igualdad%2F|title:CURSOS%20CIGU|target:_blank&#8221;][\/vc_column][vc_column &#8230; <a title=\"FORMACI\u00d3N\" class=\"read-more\" href=\"https:\/\/www.ceide.unam.mx\/cinig\/index.php\/formacion\/\" aria-label=\"Leer m\u00e1s sobre FORMACI\u00d3N\">Leer m\u00e1s<\/a><\/p>\n","protected":false},"author":1,"featured_media":0,"parent":0,"menu_order":0,"comment_status":"closed","ping_status":"closed","template":"","meta":{"footnotes":""},"class_list":["post-292","page","type-page","status-publish"],"_links":{"self":[{"href":"https:\/\/www.ceide.unam.mx\/cinig\/index.php\/wp-json\/wp\/v2\/pages\/292","targetHints":{"allow":["GET"]}}],"collection":[{"href":"https:\/\/www.ceide.unam.mx\/cinig\/index.php\/wp-json\/wp\/v2\/pages"}],"about":[{"href":"https:\/\/www.ceide.unam.mx\/cinig\/index.php\/wp-json\/wp\/v2\/types\/page"}],"author":[{"embeddable":true,"href":"https:\/\/www.ceide.unam.mx\/cinig\/index.php\/wp-json\/wp\/v2\/users\/1"}],"replies":[{"embeddable":true,"href":"https:\/\/www.ceide.unam.mx\/cinig\/index.php\/wp-json\/wp\/v2\/comments?post=292"}],"version-history":[{"count":6,"href":"https:\/\/www.ceide.unam.mx\/cinig\/index.php\/wp-json\/wp\/v2\/pages\/292\/revisions"}],"predecessor-version":[{"id":402,"href":"https:\/\/www.ceide.unam.mx\/cinig\/index.php\/wp-json\/wp\/v2\/pages\/292\/revisions\/402"}],"wp:attachment":[{"href":"https:\/\/www.ceide.unam.mx\/cinig\/index.php\/wp-json\/wp\/v2\/media?parent=292"}],"curies":[{"name":"wp","href":"https:\/\/api.w.org\/{rel}","templated":true}]}}